t of q?
4
What is the units digit of 4/(-12) + (-12)/(-9)?
1
Let n(m) = m**2 + 3*m + 3. Let l be n(-3). What is the units digit of l/(24/7 + -3)?
7
What is the tens digit of 3*2*(-14)/(-4)?
2
Let u = -5 + 7. Let v(g) = g**3 + 2*g - 2. What is the units digit of v(u)?
0
Let q be 6/(-2)*(-8)/3. Let t = q + -6. What is the units digit of t?
2
Let w = -121 - -291. What is the tens digit of w?
7
Let s(q) = q**3 + 5. Let h be s(0). Let r(a) be the first derivative of 3*a**2/2 - 6*a + 3. What is the units digit of r(h)?
9
Let l = 357 - 212. What is the units digit of l?
5
Suppose 2*a = 66 + 154. What is the hundreds digit of a?
1
Let v(h) = h**3 - 4*h**2 + 2*h - 1. Let r be v(4). Suppose 3*f + 3*n + 105 = r*f, 3*f - 75 = n. What is the units digit of f?
4
Let n = -1 + 4. Suppose -3*i = -0*i - 3*w - 15, 0 = n*i + 2*w + 5. What is the units digit of i?
1
Suppose 0 = 3*h - 417 - 54. What is the units digit of h?
7
What is the tens digit of 4/(2 + (-208)/108)?
5
Let k be 2/8*-2*-2. Suppose 4*p - 8 = -4*r, 3*p = 5*p + 5*r - 7. Let d = k + p. What is the units digit of d?
2
Let b(n) = -n**3 + 8*n**2 + 3*n - 1. What is the units digit of b(8)?
3
Let z be (-2)/6 + (-150)/(-45). Let h = 5 + -3. Suppose 38 = z*s + h. What is the units digit of s?
2
What is the units digit of (90 - 0) + 4/(-1 - -3)?
2
Suppose -301 = -5*d + 19. Suppose d = 3*t + t. What is the tens digit of t?
1
Let w be ((-2)/5)/((-10)/50). Suppose 7 = w*k - 7. What is the units digit of k?
7
Suppose 343 = 6*r - 131. What is the tens digit of r?
7
Suppose 5*n = -2*a + 19 + 48, -5*n + 79 = -a. Suppose 0 = -3*y - 0*p + p + n, 4*y + 3*p - 33 = 0. What is the units digit of y?
6
Let c = -18 + 22. Suppose d - 60 = -c*d. What is the tens digit of d?
1
Let i be (7 - 1)/2 - 10. Let z = i + 9. Suppose -6 = 3*l - 0*l, -z*n + 3*l + 20 = 0. What is the units digit of n?
7
Let f be 1/2*-2 - -3. Let c = 12 + f. What is the units digit of c?
4
Let o be 4/10 + 1463/55. Let m = 69 - o. What is the units digit of m?
2
Suppose 5*q = 6*q - 178. What is the hundreds digit of q?
1
What is the units digit of (-6)/27 + (-7080)/(-27)?
2
Let l(z) = 3*z**3 - 4*z**2 - z + 3. What is the units digit of l(3)?
5
Let l = 11 - -3. Suppose -y = -0*y - 4*p - l, 0 = -4*y + 5*p + 78. What is the units digit of 4/(-10) + y/5?
4
Suppose -5*u = -u. Suppose u*x + 40 = 4*x - 4*v, 4*v + 10 = -2*x. Suppose 3*q + 56 = x*c, -3*c + 29 = -q - 3. What is the units digit of c?
0
Suppose 0 = -4*x - 171 + 51. Let f = x - -11. Let z = -11 - f. What is the units digit of z?
8
Suppose 5*k + 53 = 2*x, -3*x + 95 = 3*k - 16. What is the tens digit of x?
3
Suppose 3*g + 241 = -5*y, y + 5*g - 3 = -38. Let z = 99 + y. What is the units digit of z?
9
Let c(r) = -r**2 - 10*r - 6. Let w be c(-9). Suppose z - 26 = -4*x + 53, -w*x - 2*z = -58. What is the units digit of x?
0
Suppose 2*j + x = 37, 3 = 5*j - 4*x - 70. What is the units digit of j?
7
Let v(c) = c - 5. Let j be v(7). Suppose j*n - 8 = -0*n. What is the units digit of n/(-6) + (-52)/(-6)?
8
Let t = -11 + 95. What is the tens digit of t?
8
Let a(k) = -2*k**2 - 26*k - 5. What is the tens digit of a(-12)?
1
Suppose 4 = 4*u - 0, 0 = -2*z + 2*u - 20. Let w be -4*((-17)/4)/1. Let y = z + w. What is the units digit of y?
8
Let q be (1/2)/((-2)/(-16)). Suppose -z + 4*d = -28, 74 = -z + q*z - 2*d. Suppose 0 = -5*n - 2*b + z, 0*n + 24 = 2*n - 4*b. What is the units digit of n?
6
Suppose -3*w - 16 = w. Let b(j) = -j**2 - 6*j - 1. Let x be b(w). Let s = -2 + x. What is the units digit of s?
5
Let q(v) = -20*v**2 + 4*v - 5. Let k(m) = 20*m**2 - 3*m + 4. Let h(a) = 4*k(a) + 3*q(a). What is the tens digit of h(1)?
2
Let a = 245 + -137. What is the hundreds digit of a?
1
Suppose 0*y + 15 = 5*y. Suppose -19 = y*n + 8. Let b(t) = -t**3 - 10*t**2 - 9*t + 6. What is the units digit of b(n)?
6
Suppose 3*i - 57 = -3*z - 0*z, 2*i = -2. Let v = z - 8. What is the units digit of v?
2
Let m(y) = y**2 - 7*y - 13. Suppose -2*x + 5 = -13. Let t be m(x). Let r = 1 + t. What is the units digit of r?
6
Suppose -4*u + 4 = -0. Let q be -2*u/(-3)*3. Suppose -q - 10 = -3*i. What is the units digit of i?
4
Let y(d) = d**3 - 6*d**2 + 6*d - 3. Let p be y(5). Suppose -p*m - 11 - 13 = 5*t, -4*t + 2*m = 12. What is the units digit of 1/(((-8)/14)/t)?
7
Suppose -4*n - 71 = 3*q, -3*n = -2*q - 0*n - 53. Let f = -12 - q. What is the tens digit of f?
1
Suppose 5*v = -37 + 7. Let g(a) = -a**2 - 7*a. What is the units digit of g(v)?
6
Let d be (2 + 56)*(-1)/(-2). Let r = 67 - d. What is the tens digit of r?
3
Let t(c) = -c**3 - 3*c**2 - c - 3. Let l be t(-3). Suppose -3*v - 3 + 6 = 0. What is the units digit of 3 + (1 - (v + l))?
3
Let j be (-2)/8 + (-69)/12. Let y(c) = -c**3 - 6*c**2 - 8*c - 5. Let b be y(-5). Let r = j + b. What is the units digit of r?
4
Let x(j) = j**2 + 3*j + 3. Let u be x(-2). What is the tens digit of (1 + -8)/(u/(-2))?
1
Suppose 0 = 3*a - 3*y - 324 - 207, a + 4*y - 162 = 0. What is the units digit of a?
4
Suppose 0 = -3*k - k + 20. Let x be 63/k - (-10)/25. Suppose x + 15 = 4*b. What is the units digit of b?
7
Suppose 12*p - 543 = 9*p. What is the tens digit of p?
8
Suppose 0*n - 4*u = -4*n + 152, -3*n + u = -124. What is the tens digit of n?
4
Let j(f) = f**2 + 3*f + 120. What is the units digit of j(0)?
0
Let l be (-15*5/(-3))/1. Suppose l = g + 2*j, -4*j - 19 = -3*g + 36. What is the units digit of g?
1
Let x be (-1)/(1/(-2)*2). What is the tens digit of 4 - (0 + x) - -13?
1
Suppose 0 = 22*g - 18*g - 60. What is the tens digit of (40/(-3))/((-5)/g)?
4
Let t = 80 + -31. What is the units digit of t?
9
Let a = -40 - -70. What is the units digit of a?
0
Suppose 4*w + 800 = 8*w. What is the hundreds digit of w?
2
Let x(m) = -m**2 + 6*m + 3. Let b be x(7). Let v(a) = -2*a - 6. Let c be v(b). What is the tens digit of c/((-12)/14)*-9?
2
Let q(z) be the third derivative of z**6/120 + z**5/10 - z**4/8 - 4*z**3/3 - 5*z**2. Let f = -13 + 7. What is the tens digit of q(f)?
1
Let p(l) = l**3 + 8*l**2 + 5*l - 14. Suppose 4*d + 21 = -3. What is the units digit of p(d)?
8
Suppose -21 = 3*c - 0*c. Let n(x) = -7*x**2 - 2*x**3 + x**3 + 13 - x - 8. What is the units digit of n(c)?
2
Suppose 4*h - 2*u = -0*u + 24, 4*h = -4*u + 12. Suppose 19 = 2*q - 0*q + 3*z, -4*q + 33 = h*z. What is the units digit of 15 + (-6)/q*1?
2
Suppose 2*w - r = 39, 7*r - 3*r - 64 = -3*w. What is the units digit of ((-24)/w)/(2/(-15))?
9
Suppose 4*o - 34 = -3*q, 3*q = 4*o + 2*q - 42. Let c(h) = h**2 - 5*h - 8. Let m be c(8). Let w = m - o. What is the units digit of w?
6
Let s(d) = -d**2 - 3*d. Let z be s(-3). Suppose -5 = n - z. Let w(k) = -k. What is the units digit of w(n)?
5
Suppose 3 = -5*l + 163. What is the units digit of l?
2
Let a(i) be the third derivative of 0*i**3 + 1/30*i**5 + 0*i + 0 + 1/8*i**4 + i**2. What is the units digit of a(-3)?
9
Suppose -j - 6 = v, -2*j - 2*v - 6 = -3*j. Suppose -3*y - 3*o = -0*y + 18, -3*y - 2*o = 13. What is the units digit of y + ((-24)/j - 0)?
1
Let l be 3/12 - (-11)/4. Suppose -9 = 3*f, -l*a = -2*a + f - 17. What is the units digit of a?
0
Let w(i) = -i**2 + 15*i + 27. What is the tens digit of w(12)?
6
Let u(g) = g - 6. Let s be u(8). Let i = 2 - s. Suppose -7*p + 3*p + 40 = i. What is the tens digit of p?
1
Let w = -13 - -45. What is the tens digit of w?
3
Suppose -5*p + 4*r - 23 = -8, 0 = p + r - 6. Let g(a) = 13*a - 1. Let l(z) = -12*z + 1. Let q(s) = 5*g(s) + 4*l(s). What is the tens digit of q(p)?
1
Suppose 7*a - 15*a = -24. Suppose o + 4*w = -3*o + 64, 5*o - 3*w = 40. What is the tens digit of -1 + a/3 + o?
1
Suppose 2 = -2*u, 4*r + u + 2*u - 17 = 0. Suppose 207 + 43 = r*p. What is the tens digit of p?
5
Suppose -y - 6 = 2*y. Let i(t) = -4*t**3 - t**2 + 4. What is the tens digit of i(y)?
3
Suppose 0 = -3*r - 2*r + 15. Let q be 42/(-9) - 1/r. Let n(a) = -a - 2. What is the units digit of n(q)?
3
Suppose -4*t + 192 = 68. Let n be ((-3)/(-5))/((-2)/(-10)). Suppose -n*c = -t - 2. What is the units digit of c?
1
Let m(f) = f**2 - 8*f + 3. Let b(n) = n + 3. Let z be b(5). Let a be m(z). Suppose q - 5*s = -a, -4*q - s + 6 = -24. What is the units digit of q?
7
Suppose 2*r + 3*w + 24 = 5*r, 4*w = 3*r - 28. Let x be (r - 2)*1 - -26. Let s = x + -18. What is the tens digit of s?
1
Suppose -8 = -2*u + 26. What is the